{"id":101,"date":"2018-11-06T11:05:46","date_gmt":"2018-11-06T13:05:46","guid":{"rendered":"http:\/\/brasilpomsky.com.br\/?page_id=101"},"modified":"2019-11-13T14:54:46","modified_gmt":"2019-11-13T17:54:46","slug":"historia-da-raca","status":"publish","type":"page","link":"https:\/\/brasilpomsky.com.br\/index.php\/historia-da-raca\/","title":{"rendered":"Hist\u00f3ria da ra\u00e7a"},"content":{"rendered":"\t\t<div class=\"elementor elementor-101\">\n\t\t\t<div class=\"elementor-inner\">\n\t\t\t\t<div class=\"elementor-section-wrap\">\n\t\t\t\t\t\t\t<section data-id=\"29ef62b\" class=\"elementor-element elementor-element-29ef62b elementor-section-boxed elementor-section-height-default elementor-section-height-default elementor-section elementor-top-section\" data-settings=\"{&quot;background_background&quot;:&quot;classic&quot;}\" data-element_type=\"section\">\n\t\t\t\t\t\t<div class=\"elementor-container elementor-column-gap-default\">\n\t\t\t\t<div class=\"elementor-row\">\n\t\t\t\t<div data-id=\"5cc0b5e\" class=\"elementor-element elementor-element-5cc0b5e elementor-column elementor-col-100 elementor-top-column\" data-element_type=\"column\">\n\t\t\t<div class=\"elementor-column-wrap elementor-element-populated\">\n\t\t\t\t\t<div class=\"elementor-widget-wrap\">\n\t\t\t\t<div data-id=\"725503f\" class=\"elementor-element elementor-element-725503f elementor-widget elementor-widget-heading\" data-element_type=\"heading.default\">\n\t\t\t\t<div class=\"elementor-widget-container\">\n\t\t\t<h2 class=\"elementor-heading-title elementor-size-default\">HIST\u00d3RIA DA RA\u00c7A<\/h2>\t\t<\/div>\n\t\t\t\t<\/div>\n\t\t\t\t<div data-id=\"6d65897\" class=\"elementor-element elementor-element-6d65897 elementor-widget elementor-widget-text-editor\" data-element_type=\"text-editor.default\">\n\t\t\t\t<div class=\"elementor-widget-container\">\n\t\t\t\t\t<div class=\"elementor-text-editor elementor-clearfix\"><p>A Hist\u00f3ria da ra\u00e7a ainda \u00e9 muito recente e acredita-se que o Pomsky se originou nos Estados Unidos por volta de 2009. E hoje j\u00e1 \u00e9 muito conhecida e popular em toda Am\u00e9rica do Norte e Europa. No Brasil, os Pomskies ainda s\u00e3o poucos conhecidos, mas n\u00f3s, da fam\u00edlia Brasil Pomsky, vamos com muito amor e empenho apresentar para todos que quiserem essa apaixonante ra\u00e7a.\u00a0<\/p><p>Os filhotes inicialmente s\u00e3o gerados a partir de insemina\u00e7\u00e3o artificial entre um\u00a0<a href=\"https:\/\/pt.wikipedia.org\/wiki\/Husky_siberiano\">Husky Siberiano<\/a>\u00a0f\u00eamea e um <a href=\"https:\/\/www.petlove.com.br\/spitz-alemao\/r\">Spitz Alem\u00e3o<\/a> macho (Lulu da Pomer\u00e2nia). Ambas as ra\u00e7as fazem parte do mesmo grupo de c\u00e3es, o Grupo 5 Spitz, os chamados c\u00e3es n\u00f3rdicos.\u00a0<\/p><p>Nas gera\u00e7\u00f5es posteriores, os Pomskies pode vir do cruzamento de Pomsky X Pomsky (50\/50) ou Spitz X Pomsky (25\/75).\u00a0\u00a0<\/p><p>A ra\u00e7a \u00e9 muito conhecida por apresentar\u00a0<a href=\"http:\/\/brasilpomsky.com.br\/index.php\/caracteristicas\/\">caracter\u00edsticas<\/a>\u00a0\u00fanicas das duas ra\u00e7as, a beleza de um Husky Siberiano e a fofura de um Spitz Alem\u00e3o.<\/p><\/div>\n\t\t\t\t<\/div>\n\t\t\t\t<\/div>\n\t\t\t\t\t\t<\/div>\n\t\t\t<\/div>\n\t\t<\/div>\n\t\t\t\t\t\t<\/div>\n\t\t\t<\/div>\n\t\t<\/section>\n\t\t\t\t\t\t<\/div>\n\t\t\t<\/div>\n\t\t<\/div>\n\t\t","protected":false},"excerpt":{"rendered":"<p>HIST\u00d3RIA DA RA\u00c7A A Hist\u00f3ria da ra\u00e7a ainda \u00e9 muito recente e acredita-se que o Pomsky se originou nos Estados Unidos por volta de 2009. E hoje j\u00e1 \u00e9 muito conhecida e popular em toda Am\u00e9rica do Norte e Europa. No Brasil, os Pomskies ainda s\u00e3o poucos conhecidos, mas n\u00f3s, da fam\u00edlia Brasil Pomsky, vamos &#8230; <a title=\"Hist\u00f3ria da ra\u00e7a\" class=\"read-more\" href=\"https:\/\/brasilpomsky.com.br\/index.php\/historia-da-raca\/\">Ler mais<span class=\"screen-reader-text\">Hist\u00f3ria da ra\u00e7a<\/span><\/a><\/p>\n","protected":false},"author":1,"featured_media":0,"parent":0,"menu_order":0,"comment_status":"closed","ping_status":"closed","template":"","meta":{"_monsterinsights_skip_tracking":false,"_monsterinsights_sitenote_active":false,"_monsterinsights_sitenote_note":"","_monsterinsights_sitenote_category":0,"pgc_sgb_lightbox_settings":"","footnotes":""},"class_list":["post-101","page","type-page","status-publish"],"_links":{"self":[{"href":"https:\/\/brasilpomsky.com.br\/index.php\/wp-json\/wp\/v2\/pages\/101"}],"collection":[{"href":"https:\/\/brasilpomsky.com.br\/index.php\/wp-json\/wp\/v2\/pages"}],"about":[{"href":"https:\/\/brasilpomsky.com.br\/index.php\/wp-json\/wp\/v2\/types\/page"}],"author":[{"embeddable":true,"href":"https:\/\/brasilpomsky.com.br\/index.php\/wp-json\/wp\/v2\/users\/1"}],"replies":[{"embeddable":true,"href":"https:\/\/brasilpomsky.com.br\/index.php\/wp-json\/wp\/v2\/comments?post=101"}],"version-history":[{"count":12,"href":"https:\/\/brasilpomsky.com.br\/index.php\/wp-json\/wp\/v2\/pages\/101\/revisions"}],"predecessor-version":[{"id":855,"href":"https:\/\/brasilpomsky.com.br\/index.php\/wp-json\/wp\/v2\/pages\/101\/revisions\/855"}],"wp:attachment":[{"href":"https:\/\/brasilpomsky.com.br\/index.php\/wp-json\/wp\/v2\/media?parent=101"}],"curies":[{"name":"wp","href":"https:\/\/api.w.org\/{rel}","templated":true}]}}