{"id":245,"date":"2018-11-09T16:05:52","date_gmt":"2018-11-09T18:05:52","guid":{"rendered":"http:\/\/brasilpomsky.com.br\/?page_id=245"},"modified":"2025-07-01T15:57:51","modified_gmt":"2025-07-01T18:57:51","slug":"filhotes-disponiveis","status":"publish","type":"page","link":"https:\/\/brasilpomsky.com.br\/index.php\/filhotes-disponiveis\/","title":{"rendered":"Filhotes Dispon\u00edveis"},"content":{"rendered":"\t\t<div class=\"elementor elementor-245\">\n\t\t\t<div class=\"elementor-inner\">\n\t\t\t\t<div class=\"elementor-section-wrap\">\n\t\t\t\t\t\t\t<section data-id=\"e2b21d6\" class=\"elementor-element elementor-element-e2b21d6 elementor-section-boxed elementor-section-height-default elementor-section-height-default elementor-section elementor-top-section\" data-settings=\"{&quot;background_background&quot;:&quot;classic&quot;}\" data-element_type=\"section\">\n\t\t\t\t\t\t<div class=\"elementor-container elementor-column-gap-default\">\n\t\t\t\t<div class=\"elementor-row\">\n\t\t\t\t<div data-id=\"09b5f65\" class=\"elementor-element elementor-element-09b5f65 elementor-column elementor-col-100 elementor-top-column\" data-element_type=\"column\">\n\t\t\t<div class=\"elementor-column-wrap elementor-element-populated\">\n\t\t\t\t\t<div class=\"elementor-widget-wrap\">\n\t\t\t\t<div data-id=\"d4dbee0\" class=\"elementor-element elementor-element-d4dbee0 elementor-widget elementor-widget-heading\" data-element_type=\"heading.default\">\n\t\t\t\t<div class=\"elementor-widget-container\">\n\t\t\t<h2 class=\"elementor-heading-title elementor-size-default\">FILHOTES DISPON\u00cdVEIS<\/h2>\t\t<\/div>\n\t\t\t\t<\/div>\n\t\t\t\t<div data-id=\"935be14\" class=\"elementor-element elementor-element-935be14 elementor-widget elementor-widget-wp-widget-media_gallery\" data-element_type=\"wp-widget-media_gallery.default\">\n\t\t\t\t<div class=\"elementor-widget-container\">\n\t\t\t<div id='gallery-1' class='gallery galleryid-245 gallery-columns-3 gallery-size-thumbnail'><figure class='gallery-item'>\n\t\t\t<div class='gallery-icon landscape'>\n\t\t\t\t<a href='https:\/\/brasilpomsky.com.br\/wp-content\/uploads\/2025\/07\/Screenshot_20250701_154550_Gallery_2.jpg'><img loading=\"lazy\" decoding=\"async\" width=\"150\" height=\"150\" src=\"https:\/\/brasilpomsky.com.br\/wp-content\/uploads\/2025\/07\/Screenshot_20250701_154550_Gallery_2.jpg\" class=\"attachment-thumbnail size-thumbnail\" alt=\"\" \/><\/a>\n\t\t\t<\/div><\/figure><figure class='gallery-item'>\n\t\t\t<div class='gallery-icon landscape'>\n\t\t\t\t<a href='https:\/\/brasilpomsky.com.br\/wp-content\/uploads\/2025\/07\/Screenshot_20250701_154542_Gallery_2.jpg'><img loading=\"lazy\" decoding=\"async\" width=\"150\" height=\"150\" src=\"https:\/\/brasilpomsky.com.br\/wp-content\/uploads\/2025\/07\/Screenshot_20250701_154542_Gallery_2.jpg\" class=\"attachment-thumbnail size-thumbnail\" alt=\"\" \/><\/a>\n\t\t\t<\/div><\/figure><figure class='gallery-item'>\n\t\t\t<div class='gallery-icon portrait'>\n\t\t\t\t<a href='https:\/\/brasilpomsky.com.br\/wp-content\/uploads\/2025\/07\/Screenshot_20250701_154535_Gallery_2.jpg'><img loading=\"lazy\" decoding=\"async\" width=\"150\" height=\"150\" src=\"https:\/\/brasilpomsky.com.br\/wp-content\/uploads\/2025\/07\/Screenshot_20250701_154535_Gallery_2.jpg\" class=\"attachment-thumbnail size-thumbnail\" alt=\"\" \/><\/a>\n\t\t\t<\/div><\/figure><figure class='gallery-item'>\n\t\t\t<div class='gallery-icon portrait'>\n\t\t\t\t<a href='https:\/\/brasilpomsky.com.br\/wp-content\/uploads\/2025\/07\/Screenshot_20250701_154529_Gallery_2.jpg'><img loading=\"lazy\" decoding=\"async\" width=\"150\" height=\"150\" src=\"https:\/\/brasilpomsky.com.br\/wp-content\/uploads\/2025\/07\/Screenshot_20250701_154529_Gallery_2.jpg\" class=\"attachment-thumbnail size-thumbnail\" alt=\"\" \/><\/a>\n\t\t\t<\/div><\/figure><figure class='gallery-item'>\n\t\t\t<div class='gallery-icon landscape'>\n\t\t\t\t<a href='https:\/\/brasilpomsky.com.br\/wp-content\/uploads\/2025\/07\/Screenshot_20250701_154516_Gallery_2.jpg'><img loading=\"lazy\" decoding=\"async\" width=\"150\" height=\"150\" src=\"https:\/\/brasilpomsky.com.br\/wp-content\/uploads\/2025\/07\/Screenshot_20250701_154516_Gallery_2.jpg\" class=\"attachment-thumbnail size-thumbnail\" alt=\"\" \/><\/a>\n\t\t\t<\/div><\/figure><figure class='gallery-item'>\n\t\t\t<div class='gallery-icon portrait'>\n\t\t\t\t<a href='https:\/\/brasilpomsky.com.br\/wp-content\/uploads\/2025\/07\/Screenshot_20250701_154509_Gallery_2.jpg'><img loading=\"lazy\" decoding=\"async\" width=\"150\" height=\"150\" src=\"https:\/\/brasilpomsky.com.br\/wp-content\/uploads\/2025\/07\/Screenshot_20250701_154509_Gallery_2.jpg\" class=\"attachment-thumbnail size-thumbnail\" alt=\"\" \/><\/a>\n\t\t\t<\/div><\/figure><figure class='gallery-item'>\n\t\t\t<div class='gallery-icon landscape'>\n\t\t\t\t<a href='https:\/\/brasilpomsky.com.br\/wp-content\/uploads\/2025\/07\/Screenshot_20250701_154458_Gallery_2.jpg'><img loading=\"lazy\" decoding=\"async\" width=\"150\" height=\"150\" src=\"https:\/\/brasilpomsky.com.br\/wp-content\/uploads\/2025\/07\/Screenshot_20250701_154458_Gallery_2.jpg\" class=\"attachment-thumbnail size-thumbnail\" alt=\"\" \/><\/a>\n\t\t\t<\/div><\/figure><figure class='gallery-item'>\n\t\t\t<div class='gallery-icon landscape'>\n\t\t\t\t<a href='https:\/\/brasilpomsky.com.br\/wp-content\/uploads\/2025\/07\/Screenshot_20250701_154447_Gallery_2.jpg'><img loading=\"lazy\" decoding=\"async\" width=\"150\" height=\"150\" src=\"https:\/\/brasilpomsky.com.br\/wp-content\/uploads\/2025\/07\/Screenshot_20250701_154447_Gallery_2.jpg\" class=\"attachment-thumbnail size-thumbnail\" alt=\"\" \/><\/a>\n\t\t\t<\/div><\/figure><figure class='gallery-item'>\n\t\t\t<div class='gallery-icon landscape'>\n\t\t\t\t<a href='https:\/\/brasilpomsky.com.br\/wp-content\/uploads\/2025\/07\/Screenshot_20250701_154441_Gallery_2.jpg'><img loading=\"lazy\" decoding=\"async\" width=\"150\" height=\"150\" src=\"https:\/\/brasilpomsky.com.br\/wp-content\/uploads\/2025\/07\/Screenshot_20250701_154441_Gallery_2.jpg\" class=\"attachment-thumbnail size-thumbnail\" alt=\"\" \/><\/a>\n\t\t\t<\/div><\/figure>\n\t\t<\/div>\n\t\t<\/div>\n\t\t\t\t<\/div>\n\t\t\t\t<div data-id=\"b8c88c5\" class=\"elementor-element elementor-element-b8c88c5 elementor-widget elementor-widget-text-editor\" data-element_type=\"text-editor.default\">\n\t\t\t\t<div class=\"elementor-widget-container\">\n\t\t\t\t\t<div class=\"elementor-text-editor elementor-clearfix\"><p style=\"text-align: center;\">Estamos com filhotes dispon\u00edveis, nos chamem no WhatsApp para saber mais informa\u00e7\u00f5es.<\/p><\/div>\n\t\t\t\t<\/div>\n\t\t\t\t<\/div>\n\t\t\t\t<div data-id=\"3c3694c\" class=\"elementor-element elementor-element-3c3694c elementor-widget elementor-widget-text-editor\" data-element_type=\"text-editor.default\">\n\t\t\t\t<div class=\"elementor-widget-container\">\n\t\t\t\t\t<div class=\"elementor-text-editor elementor-clearfix\"><p style=\"text-align: center;\"><a class=\"maxbutton-2 maxbutton maxbutton-whatsapp\" target=\"_blank\" rel=\"noopener\" href=\"https:\/\/api.whatsapp.com\/send?phone=5531995312278\"><span class='mb-text'>Whatsapp<\/span><\/a>\u00a0<\/p><\/div>\n\t\t\t\t<\/div>\n\t\t\t\t<\/div>\n\t\t\t\t<div data-id=\"80a99a9\" class=\"elementor-element elementor-element-80a99a9 elementor-widget elementor-widget-text-editor\" data-element_type=\"text-editor.default\">\n\t\t\t\t<div class=\"elementor-widget-container\">\n\t\t\t\t\t<div class=\"elementor-text-editor elementor-clearfix\"><p style=\"text-align: center;\">Para ver os filhotes de ninhadas anteriores, clique no bot\u00e3o abaixo<\/p><\/div>\n\t\t\t\t<\/div>\n\t\t\t\t<\/div>\n\t\t\t\t<div data-id=\"7f98d3b\" class=\"elementor-element elementor-element-7f98d3b elementor-widget elementor-widget-text-editor\" data-element_type=\"text-editor.default\">\n\t\t\t\t<div class=\"elementor-widget-container\">\n\t\t\t\t\t<div class=\"elementor-text-editor elementor-clearfix\"><p style=\"text-align: center;\"><a class=\"maxbutton-5 maxbutton maxbutton-ninhadas-anteriores\" target=\"_blank\" rel=\"noopener\" href=\"http:\/\/brasilpomsky.com.br\/index.php\/ninhadas-anteriores\/\"><span class='mb-text'>Ninhadas anteriores<\/span><\/a><\/p><\/div>\n\t\t\t\t<\/div>\n\t\t\t\t<\/div>\n\t\t\t\t<div data-id=\"58f23b4\" class=\"elementor-element elementor-element-58f23b4 elementor-widget elementor-widget-text-editor\" data-element_type=\"text-editor.default\">\n\t\t\t\t<div class=\"elementor-widget-container\">\n\t\t\t\t\t<div class=\"elementor-text-editor elementor-clearfix\"><p style=\"text-align: center;\">\u00a0<\/p><p style=\"text-align: center;\">Acesse tamb\u00e9m o nosso Instagram, estamos sempre postando fotos da matilha Brasil Pomsky.<\/p><\/div>\n\t\t\t\t<\/div>\n\t\t\t\t<\/div>\n\t\t\t\t<div data-id=\"fe4cfa2\" class=\"elementor-element elementor-element-fe4cfa2 elementor-align-center elementor-widget elementor-widget-button\" data-element_type=\"button.default\">\n\t\t\t\t<div class=\"elementor-widget-container\">\n\t\t\t\t\t<div class=\"elementor-button-wrapper\">\n\t\t\t<a href=\"https:\/\/www.instagram.com\/canilbrasilpomsky\/\" class=\"elementor-button-link elementor-button elementor-size-sm elementor-animation-grow\" target=\"_blank\" role=\"button\">\n\t\t\t\t\t\t<span class=\"elementor-button-content-wrapper\">\n\t\t\t\t\t\t<span class=\"elementor-button-icon elementor-align-icon-left\">\n\t\t\t\t<i class=\"fa fa-instagram\" aria-hidden=\"true\"><\/i>\n\t\t\t<\/span>\n\t\t\t\t\t\t<span class=\"elementor-button-text\">Instagram<\/span>\n\t\t<\/span>\n\t\t\t\t\t<\/a>\n\t\t<\/div>\n\t\t\t\t<\/div>\n\t\t\t\t<\/div>\n\t\t\t\t\t\t<\/div>\n\t\t\t<\/div>\n\t\t<\/div>\n\t\t\t\t\t\t<\/div>\n\t\t\t<\/div>\n\t\t<\/section>\n\t\t\t\t\t\t<\/div>\n\t\t\t<\/div>\n\t\t<\/div>\n\t\t","protected":false},"excerpt":{"rendered":"<p>FILHOTES DISPON\u00cdVEIS Estamos com filhotes dispon\u00edveis, nos chamem no WhatsApp para saber mais informa\u00e7\u00f5es. \u00a0 Para ver os filhotes de ninhadas anteriores, clique no bot\u00e3o abaixo \u00a0 Acesse tamb\u00e9m o nosso Instagram, estamos sempre postando fotos da matilha Brasil Pomsky. Instagram<\/p>\n","protected":false},"author":1,"featured_media":0,"parent":0,"menu_order":0,"comment_status":"closed","ping_status":"closed","template":"","meta":{"_monsterinsights_skip_tracking":false,"_monsterinsights_sitenote_active":false,"_monsterinsights_sitenote_note":"","_monsterinsights_sitenote_category":0,"pgc_sgb_lightbox_settings":"","footnotes":""},"class_list":["post-245","page","type-page","status-publish"],"_links":{"self":[{"href":"https:\/\/brasilpomsky.com.br\/index.php\/wp-json\/wp\/v2\/pages\/245"}],"collection":[{"href":"https:\/\/brasilpomsky.com.br\/index.php\/wp-json\/wp\/v2\/pages"}],"about":[{"href":"https:\/\/brasilpomsky.com.br\/index.php\/wp-json\/wp\/v2\/types\/page"}],"author":[{"embeddable":true,"href":"https:\/\/brasilpomsky.com.br\/index.php\/wp-json\/wp\/v2\/users\/1"}],"replies":[{"embeddable":true,"href":"https:\/\/brasilpomsky.com.br\/index.php\/wp-json\/wp\/v2\/comments?post=245"}],"version-history":[{"count":71,"href":"https:\/\/brasilpomsky.com.br\/index.php\/wp-json\/wp\/v2\/pages\/245\/revisions"}],"predecessor-version":[{"id":2160,"href":"https:\/\/brasilpomsky.com.br\/index.php\/wp-json\/wp\/v2\/pages\/245\/revisions\/2160"}],"wp:attachment":[{"href":"https:\/\/brasilpomsky.com.br\/index.php\/wp-json\/wp\/v2\/media?parent=245"}],"curies":[{"name":"wp","href":"https:\/\/api.w.org\/{rel}","templated":true}]}}