{"id":92,"date":"2018-11-06T11:04:58","date_gmt":"2018-11-06T13:04:58","guid":{"rendered":"http:\/\/brasilpomsky.com.br\/?page_id=92"},"modified":"2020-05-07T11:02:48","modified_gmt":"2020-05-07T14:02:48","slug":"quem-somos","status":"publish","type":"page","link":"https:\/\/brasilpomsky.com.br\/index.php\/quem-somos\/","title":{"rendered":"Quem somos"},"content":{"rendered":"\t\t<div class=\"elementor elementor-92\">\n\t\t\t<div class=\"elementor-inner\">\n\t\t\t\t<div class=\"elementor-section-wrap\">\n\t\t\t\t\t\t\t<section data-id=\"865dd49\" class=\"elementor-element elementor-element-865dd49 elementor-section-boxed elementor-section-height-default elementor-section-height-default elementor-section elementor-top-section\" data-settings=\"{&quot;background_background&quot;:&quot;classic&quot;}\" data-element_type=\"section\">\n\t\t\t\t\t\t<div class=\"elementor-container elementor-column-gap-default\">\n\t\t\t\t<div class=\"elementor-row\">\n\t\t\t\t<div data-id=\"7ec7581\" class=\"elementor-element elementor-element-7ec7581 elementor-column elementor-col-100 elementor-top-column\" data-element_type=\"column\">\n\t\t\t<div class=\"elementor-column-wrap elementor-element-populated\">\n\t\t\t\t\t<div class=\"elementor-widget-wrap\">\n\t\t\t\t<div data-id=\"5e313e2\" class=\"elementor-element elementor-element-5e313e2 elementor-widget elementor-widget-heading\" data-element_type=\"heading.default\">\n\t\t\t\t<div class=\"elementor-widget-container\">\n\t\t\t<h2 class=\"elementor-heading-title elementor-size-default\">QUEM SOMOS<\/h2>\t\t<\/div>\n\t\t\t\t<\/div>\n\t\t\t\t<div data-id=\"80831cf\" class=\"elementor-element elementor-element-80831cf elementor-widget elementor-widget-text-editor\" data-element_type=\"text-editor.default\">\n\t\t\t\t<div class=\"elementor-widget-container\">\n\t\t\t\t\t<div class=\"elementor-text-editor elementor-clearfix\"><p>Primeiramente, somos apaixonados por c\u00e3es. Temos experi\u00eancia com canis de outras ra\u00e7as, mas ao conhecer os Pomskies no exterior, ficamos imediatamente apaixonados por sua beleza. T\u00ednhamos muitas d\u00favidas, ent\u00e3o, ap\u00f3s v\u00e1rios estudos e maior conhecimento da ra\u00e7a, decidimos fazer com que fossem conhecidos em todo o Brasil.\u00a0<\/p><p>Depois de muita dedica\u00e7\u00e3o, em 2015 nosso sonho virou realidade e hoje, estamos tendo a oportunidade de oferecer aos aficionados por c\u00e3es a excel\u00eancia de uma ra\u00e7a exclusiva e nova no Brasil.\u00a0<\/p><p>\u00a0<\/p><\/div>\n\t\t\t\t<\/div>\n\t\t\t\t<\/div>\n\t\t\t\t<div data-id=\"bf59f81\" class=\"elementor-element elementor-element-bf59f81 elementor-widget elementor-widget-heading\" data-element_type=\"heading.default\">\n\t\t\t\t<div class=\"elementor-widget-container\">\n\t\t\t<h2 class=\"elementor-heading-title elementor-size-default\">MISS\u00c3O<\/h2>\t\t<\/div>\n\t\t\t\t<\/div>\n\t\t\t\t<div data-id=\"402e989\" class=\"elementor-element elementor-element-402e989 elementor-widget elementor-widget-text-editor\" data-element_type=\"text-editor.default\">\n\t\t\t\t<div class=\"elementor-widget-container\">\n\t\t\t\t\t<div class=\"elementor-text-editor elementor-clearfix\"><p>Fazer com que os Pomskies sejam cada vez mais conhecidos e que cheguem a mais lares, aprimorando cada vez mais essa espetacular ra\u00e7a.<\/p><p>\u00a0<\/p><\/div>\n\t\t\t\t<\/div>\n\t\t\t\t<\/div>\n\t\t\t\t<div data-id=\"14dfffe\" class=\"elementor-element elementor-element-14dfffe elementor-widget elementor-widget-heading\" data-element_type=\"heading.default\">\n\t\t\t\t<div class=\"elementor-widget-container\">\n\t\t\t<h2 class=\"elementor-heading-title elementor-size-default\">VIS\u00c3O<\/h2>\t\t<\/div>\n\t\t\t\t<\/div>\n\t\t\t\t<div data-id=\"7a517f9\" class=\"elementor-element elementor-element-7a517f9 elementor-widget elementor-widget-text-editor\" data-element_type=\"text-editor.default\">\n\t\t\t\t<div class=\"elementor-widget-container\">\n\t\t\t\t\t<div class=\"elementor-text-editor elementor-clearfix\"><p>Vis\u00e3o: Com muito amor e trabalho sempre buscaremos ser o melhor canil de Pomsky do Brasil e ser reconhecido como a melhor op\u00e7\u00e3o para os clientes<\/p><p>\u00a0<\/p><\/div>\n\t\t\t\t<\/div>\n\t\t\t\t<\/div>\n\t\t\t\t<div data-id=\"0cda8cf\" class=\"elementor-element elementor-element-0cda8cf elementor-widget elementor-widget-heading\" data-element_type=\"heading.default\">\n\t\t\t\t<div class=\"elementor-widget-container\">\n\t\t\t<h2 class=\"elementor-heading-title elementor-size-default\">VALORES<\/h2>\t\t<\/div>\n\t\t\t\t<\/div>\n\t\t\t\t<div data-id=\"64a1279\" class=\"elementor-element elementor-element-64a1279 elementor-widget elementor-widget-text-editor\" data-element_type=\"text-editor.default\">\n\t\t\t\t<div class=\"elementor-widget-container\">\n\t\t\t\t\t<div class=\"elementor-text-editor elementor-clearfix\"><ul><li>Respeito aos animais, \u00e0s pessoas e ao meio ambiente<\/li><li>Aprimoramento gen\u00e9tico dos Pomskies<\/li><li>\u00c9tica, integridade e Responsabilidade<\/li><li>Compromisso com a verdade<\/li><li>Pensamos e agimos como futuros donos de cada filhote<\/li><li>Bom atendimento ao cliente, antes e depois da venda<\/li><li>Paix\u00e3o<\/li><li>Qualidade<\/li><\/ul><\/div>\n\t\t\t\t<\/div>\n\t\t\t\t<\/div>\n\t\t\t\t\t\t<\/div>\n\t\t\t<\/div>\n\t\t<\/div>\n\t\t\t\t\t\t<\/div>\n\t\t\t<\/div>\n\t\t<\/section>\n\t\t\t\t\t\t<\/div>\n\t\t\t<\/div>\n\t\t<\/div>\n\t\t","protected":false},"excerpt":{"rendered":"<p>QUEM SOMOS Primeiramente, somos apaixonados por c\u00e3es. Temos experi\u00eancia com canis de outras ra\u00e7as, mas ao conhecer os Pomskies no exterior, ficamos imediatamente apaixonados por sua beleza. T\u00ednhamos muitas d\u00favidas, ent\u00e3o, ap\u00f3s v\u00e1rios estudos e maior conhecimento da ra\u00e7a, decidimos fazer com que fossem conhecidos em todo o Brasil.\u00a0 Depois de muita dedica\u00e7\u00e3o, em 2015 &#8230; <a title=\"Quem somos\" class=\"read-more\" href=\"https:\/\/brasilpomsky.com.br\/index.php\/quem-somos\/\">Ler mais<span class=\"screen-reader-text\">Quem somos<\/span><\/a><\/p>\n","protected":false},"author":1,"featured_media":0,"parent":0,"menu_order":0,"comment_status":"closed","ping_status":"closed","template":"","meta":{"_monsterinsights_skip_tracking":false,"_monsterinsights_sitenote_active":false,"_monsterinsights_sitenote_note":"","_monsterinsights_sitenote_category":0,"pgc_sgb_lightbox_settings":"","footnotes":""},"class_list":["post-92","page","type-page","status-publish"],"_links":{"self":[{"href":"https:\/\/brasilpomsky.com.br\/index.php\/wp-json\/wp\/v2\/pages\/92"}],"collection":[{"href":"https:\/\/brasilpomsky.com.br\/index.php\/wp-json\/wp\/v2\/pages"}],"about":[{"href":"https:\/\/brasilpomsky.com.br\/index.php\/wp-json\/wp\/v2\/types\/page"}],"author":[{"embeddable":true,"href":"https:\/\/brasilpomsky.com.br\/index.php\/wp-json\/wp\/v2\/users\/1"}],"replies":[{"embeddable":true,"href":"https:\/\/brasilpomsky.com.br\/index.php\/wp-json\/wp\/v2\/comments?post=92"}],"version-history":[{"count":13,"href":"https:\/\/brasilpomsky.com.br\/index.php\/wp-json\/wp\/v2\/pages\/92\/revisions"}],"predecessor-version":[{"id":1240,"href":"https:\/\/brasilpomsky.com.br\/index.php\/wp-json\/wp\/v2\/pages\/92\/revisions\/1240"}],"wp:attachment":[{"href":"https:\/\/brasilpomsky.com.br\/index.php\/wp-json\/wp\/v2\/media?parent=92"}],"curies":[{"name":"wp","href":"https:\/\/api.w.org\/{rel}","templated":true}]}}